 c**3/3 + 14*c**2. What is v(r)?
-10
Let m be (1 - 0)/(1/(-3)). Let r(q) = q**3 + 3*q**2 + 1. What is r(m)?
1
Let q(d) = -3*d**2 + 4*d + 5. Let v(t) = -t**2 + t + 2. Let u(k) = 6*q(k) - 17*v(k). Give u(6).
2
Let f be 1 + -2 - (-4 - (-4 - 0)). Let c(q) = -5*q**2 - q. Give c(f).
-4
Let v(a) = 5*a - 1. Let w be (2 - -1)/(2 + 1). Determine v(w).
4
Let y(m) = -5*m + 3. Let r be -1 - (1*-6 - -3). What is y(r)?
-7
Let m(r) = r**2 - 9*r + 2. Let w be m(9). Let u(d) be the third derivative of -d**5/30 + d**4/24 + d**3/3 + 4*d**2. What is u(w)?
-4
Let k(r) = -1. Let s(q) = q + 1. Let j(w) = -w**3 + w**2 - 2*w + 9. Let n(m) = j(m) + 3*s(m). Let v(y) = 3*k(y) + n(y). Let o be 0 - 0*(-4 + 3). Determine v(o).
9
Let g be 21/(-168) - (-41)/8. Let h(x) = 2*x - 3. Calculate h(g).
7
Let r(y) = -y + 0 + y + 2*y - 4. Suppose -3*h = -h - 2*s - 14, 0 = -h + 3*s + 17. Suppose -h*m + 9 = m. What is r(m)?
2
Let b(v) = 4*v + 3*v - 5*v + 1 - v**3 + 4*v**2. Determine b(4).
9
Let i(m) be the first derivative of 2*m**2 + 28*m + 2. Let v(h) = 1. Let o be (-27)/6*32/6. Let s(t) = o*v(t) + i(t). Calculate s(-3).
-8
Let j(t) = t + 1. Suppose 0 = -r + c - 3, 2*r - 2*c + 7 = -r. What is j(r)?
0
Let u(g) = -5*g. Let d = -15 - -26. Suppose -4*p + d = -c, 5*p - 14 = 3*c - 2*c. Calculate u(p).
-15
Let p(k) = 14*k + 14. Let w(u) = -u - 2. Let n(b) = p(b) + 7*w(b). Determine n(4).
28
Let m(i) = -4*i. Let g(q) = -q + 1. Let z(a) = 3*g(a) - m(a). Determine z(5).
8
Let g(n) = 1 + n**2 + 3*n + 2 - 8. Suppose 0 = -2*r + 1 + 9. Suppose w - 2*w - r = 0. Calculate g(w).
5
Let h(c) = -c**2 + 4*c - 3. Let z be h(3). Let d = z + 3. Let u(s) = 2 - s - 6*s**2 - s**d - 4*s + 1. Calculate u(-5).
3
Let h(j) be the second derivative of 3/2*j**2 + 3*j + 1/60*j**5 + 0 + 2/3*j**3 + 5/24*j**4. Let a(c) be the first derivative of h(c). What is a(-5)?
4
Let k(s) = s**3 + 13*s**2 + 12*s + 4. Let m = 32 + -44. Give k(m).
4
Let j(h) = -2*h - 3. Let g = 16 - 10. Suppose 26 - g = 5*f. What is j(f)?
-11
Let l(w) be the first derivative of w**4/4 + w**3/3 + 2*w - 13. What is l(-2)?
-2
Let a = 36 + -32. Let u(c) = c**2 - 7*c + 6. Give u(a).
-6
Suppose -6 = -2*m - 0. Let g(i) = -i**2 + 1. Determine g(m).
-8
Let k(b) be the first derivative of -b**2 + 0*b**3 - b + 1 + 3/4*b**4. Calculate k(-1).
-2
Let i(d) = 3*d. Suppose 0 = -3*s - 2*r - 6, 0 = 5*s - 0*s + 2*r + 10. Calculate i(s).
-6
Let v(f) be the second derivative of 0 + 8*f + 1/2*f**2 + 1/2*f**3. Let g = -6 - -4. Give v(g).
-5
Let t be (-14)/(-6) - (-1)/(-3). Suppose -4*m + t = -p + 11, 2*m = -p + 3. Let f(j) = 2 + p*j**3 - 2*j**3 - 4*j**2 - 4*j**3 + 4*j. What is f(-5)?
7
Let h(q) = 3*q**2 + 2*q**2 - 4*q - 6*q**2 + 0*q**2 + 1. Determine h(-4).
1
Let s(q) = 7*q**3 - 2*q**2 - 2*q - 1. Let a(b) = -6*b**3 + b**2 + 3*b. Let l(j) = 6*a(j) + 5*s(j). Let x be l(-6). Let p(g) = 11*g + 5*g - x*g. Determine p(-2).
6
Let r(c) = 2 - 3 + 8*c + c**2 - 3*c. Let a be r(-4). Let d(b) be the second derivative of b**4/12 + 5*b**3/6 + b**2/2 - b. Give d(a).
1
Let x be (-1)/(-1 - (-1)/2). Suppose -3*a + 8*m = 3*m - 25, 4*m + 20 = x*a. Let p(d) = d + d**3 + 3 + a*d**3 - 5*d - 3*d**2 + 0*d**3. Give p(4).
3
Let a(g) be the second derivative of g**5/60 + g**4/8 - g**3/3 + g**2/2 + 2*g. Let h(x) be the first derivative of a(x). What is h(-5)?
8
Let t(z) = -3*z + 2. Let s = 22 - 37. Let o be (-51)/s - (-2)/(-5). Determine t(o).
-7
Suppose 3*b = -2*b - 50. Let l = b + 6. Let u(c) = -2*c - 4. Determine u(l).
4
Let h(i) = i + 2*i**3 - i**3 + 3*i**2 - 5*i**2 + 4*i**2. Determine h(-1).
0
Suppose i + 4 = 5*b + 17, 3*b + 21 = 5*i. Let k(l) = -3*l**2 - 2*l - 3 + 4*l**2 + 2. Let v be k(i). Let u(t) = -2*t**2 + 2*t + 1. Calculate u(v).
-3
Let v(q) = 3*q**2 + 2*q - 2. Let p = -3 - 0. Let h = 1 + p. Determine v(h).
6
Let i = 8 + -5. Let o(v) = 4*v**i - 4*v**2 - 3*v**3 + 3*v**2 + 0 - 7. Determine o(0).
-7
Let j(o) be the third derivative of o**7/1680 + o**6/720 - o**5/60 - o**2. Let i(s) be the third derivative of j(s). Suppose -8 = 5*w + 2. What is i(w)?
-5
Let r(m) = -m**3 + 10. Let u(f) = 3*f - 4*f + 0*f + 8. Let q be u(8). Give r(q).
10
Let s(y) be the second derivative of -y**6/360 - y**4/12 - y**3/2 - 4*y. Let i(a) be the second derivative of s(a). What is i(-2)?
-6
Suppose -4*c + 2*p + 2*p - 32 = 0, 0 = -4*c - 5*p - 14. Let w = 5 + c. Let z(q) = 3*q**2 - q - 1. Determine z(w).
3
Let l(j) = -j**2 + 5*j**2 - 3*j**2 + j + 1. Let n be 2 + 4 + 6 + -8. Let k(o) = -4*o**3 - 2*o**2 - 4*o - 5. Let b(d) = n*l(d) + k(d). Calculate b(-1).
5
Let o(y) = 15*y - 1. Let s(j) = j - 2. Let r be s(-2). Let x be ((6 - 0) + r)/(-2). What is o(x)?
-16
Let y(k) = -17*k + k**2 + 9 + 16*k - 9*k. What is y(8)?
-7
Let y(l) = 0*l**3 - 2*l + 2*l**2 + 0*l**3 + l**3 + 1. Let s(b) = -2*b + 21. Let u be s(10). Calculate y(u).
2
Let f be (8/(-6))/((-30)/45). Suppose -30 = -p - 2*p - 5*k, 3*p - 3*k = 6. Let b(u) = -u**3 + 4*u**f - 3*u + 4*u**2 - p - 2*u**2. What is b(5)?
5
Let q(c) = -c - 10. Let x be q(-7). Let k be 2/x*3/(-2). Let h = k - -2. Let a(j) = -j**2 + j - 2. Calculate a(h).
-8
Let h(r) = 5*r**2 - r - 2. Let c be h(2). Suppose 4*n - 5*n = 4, 2*n = 4*t - c. Let f be (1 - 7)/(3/t). Let i(w) = -2*w - 4. Calculate i(f).
4
Let x(u) = -u**2 + 7 + 3*u + 5 - 5. Let z = -4 + 9. Determine x(z).
-3
Let v(n) = 3*n**3 + n. Suppose -3*y + 3 = 3*d, 2*d + 2 = y + 7. What is v(y)?
-4
Let g(x) = 4*x**2 + 3*x - 4. Let t(l) = -5*l**2 - 4*l + 5. Let p(m) = -4*g(m) - 3*t(m). Suppose 4*s - 10 = -s. Determine p(s).
-3
Let w(y) = 11*y + 17. Let x(z) = -5*z - 8. Let u(v) = 4*w(v) + 9*x(v). Calculate u(-8).
4
Let o(y) = -9*y - 17. Let c(j) = -6*j - 8 - 3*j + 3*j + 2*j. Let w(i) = -7*c(i) + 3*o(i). Calculate w(-5).
0
Let s(v) be the first derivative of -v**4/12 - v**3/3 + v**2/2 - 3*v - 1. Let y(x) be the first derivative of s(x). What is y(1)?
-2
Let b = 97 - 99. Let j(k) = -3*k - 2. What is j(b)?
4
Let l(h) = -9*h**2 - 6*h - 5. Suppose -4*s - 38 = -3*u, -s - 17 = -3*u + 6. Let m(a) = 10*a**2 + 7*a + 6. Let n(y) = u*m(y) + 7*l(y). What is n(1)?
-2
Let t(d) = 5*d + 2 + 0*d**2 + 0*d**2 - d**2. Calculate t(4).
6
Let i(p) = p**3 - 10*p**2 + 5*p + 3. Let z = -6 - -12. Let c(d) = d**3 - 11*d**2 + 5*d + 4. Let a(f) = z*c(f) - 7*i(f). Let k = -5 + 8. What is a(k)?
-3
Let b(l) = l - 6. Let s be b(3). Let x(m) = m**2 + 3*m. Let y be x(s). Let r(w) = -w**2 - 3. Give r(y).
-3
Suppose 1 - 3 = -s, 0 = 3*l + s - 32. Suppose 5*h + l = 0, -5*o + 9*h - 4*h + 10 = 0. Let v(a) = -2*a**2 + o*a - 2*a - a**2 + a**3 - 3. Determine v(4).
5
Suppose -20 + 4 = -4*h. Let d(x) = x - 1. Give d(h).
3
Suppose 26 = 4*t + 6. Let b(i) = -t*i**2 - 2*i**3 + i**3 + 6*i - 6 + 0*i**3. Determine b(-6).
-6
Let o(j) = -j - 2. Let c(v) = -v**2 - 5*v - 2. Suppose k - 25 = 5*h, -2*k + 4 = h - 2. Let n be c(h). Suppose 4 + n = 3*w. What is o(w)?
-4
Let o(r) be the second derivative of -r**5/20 - 5*r**4/12 - r**3/2 + 3*r**2/2 + 5*r. Let a(f) = -f. Let l be a(5). Let d be l/2 - 1/2. Calculate o(d).
-6
Let t(o) = 8*o - 5 + 0*o + 0 + 3. Calculate t(2).
14
Let u(p) be the second derivative of 3*p + 0 - 1/3*p**3 - 1/2*p**2. What is u(1)?
-3
Let c(i) = -i**2 - 6*i + 9. Let k(o) = -o**2 - 7*o + 9. Let g(s) = 3*c(s) - 2*k(s). Calculate g(-7).
-12
Let o = 3 - 3. Let r be (0 - o) + -6 + 3. Let i(c) = c**3 + 3*c**2 - c - 1. What is i(r)?
2
Let q(a) = 6*a - 1 + a - 8*a + 0. Give q(-1).
0
Let y(o) be the third derivative of -o**5/60 + o**4/24 + o**3/6 + 34*o**2. Give y(-1).
-1
Let h(l) = -1. Let q be (1 + -2)/(-1 + 0). Let s(i) = -i**2 - 2*i + 1. Let u(j) = q*s(j) - 6*h(j). Determine u(-5).
-8
Let r = 6 - 4. Suppose r*i = 5*p - 20, -i - 5 = -0. Let c(f) = f - 5*f**p + f**3 + 0*f + 10*f**2 + 2. Give c(-5).
-3
Let w(y) be the third derivative of -y**5/40 + y**3/6 + y**2. Let t(h) be the first derivative of w(h). Calculate t(1).
-3
Let b(q) = -5*q - 7. Let o(s) = s + 1. Let z(u) = b(u) + 6*o(u). Give z(2).
1
Let r(i) = i**3 + 6*i**2 - i - 1. Let l be r(-6). Let x(h) = -3*h + 2*h + l + 2*h. Let c(m) = m + 6. Let k(t) = -3*c(t) + 4*x(t). Give k(4).
6
Let r(o) = -o**3 - 4*o**2 - 2*o - 6. Let k = 62 + -66. Determine r(k).
2
Let y(x) = -2*x**2 + 19*x + 27. Let g(k) = -k**2 + 9*k + 13. Let j(c) = -5*g(c) + 2*y(c). Give j(8).
-3
Let k be ((-6)/(-4))/((-6)/(-8)). Suppose -x + 27 = q - 6*x, -q + k*x = -12. Let h(y)